or of 1742 and 26.
26
What is the highest common divisor of 22 and 704?
22
What is the highest common factor of 15481 and 113?
113
Calculate the greatest common divisor of 891 and 261.
9
Calculate the highest common divisor of 686 and 14.
14
What is the highest common factor of 3611 and 69?
23
Calculate the greatest common factor of 33 and 561.
33
What is the highest common divisor of 6549 and 333?
111
Calculate the greatest common factor of 1305 and 135.
45
Calculate the highest common factor of 3 and 6.
3
What is the highest common factor of 308 and 112?
28
Calculate the highest common divisor of 518 and 70.
14
Calculate the highest common divisor of 639 and 284.
71
What is the highest common factor of 55 and 121?
11
Calculate the highest common factor of 528 and 33.
33
What is the greatest common divisor of 220 and 1892?
44
Calculate the greatest common divisor of 7 and 140.
7
What is the highest common divisor of 280 and 945?
35
Calculate the greatest common divisor of 1480 and 962.
74
Calculate the greatest common divisor of 12 and 104.
4
Calculate the highest common divisor of 3240 and 160.
40
What is the highest common factor of 88 and 77?
11
What is the highest common factor of 198 and 22?
22
Calculate the highest common divisor of 8 and 248.
8
What is the greatest common factor of 36 and 2718?
18
What is the greatest common factor of 48 and 44?
4
What is the highest common factor of 105 and 280?
35
What is the highest common factor of 111 and 3?
3
What is the greatest common divisor of 711 and 158?
79
Calculate the highest common factor of 6060 and 48.
12
What is the greatest common divisor of 1589 and 21?
7
What is the greatest common factor of 96 and 72?
24
Calculate the greatest common factor of 175 and 920.
5
What is the highest common factor of 12 and 864?
12
Calculate the greatest common divisor of 4 and 164.
4
Calculate the greatest common divisor of 77 and 1848.
77
Calculate the highest common factor of 38 and 2869.
19
Calculate the greatest common divisor of 1336 and 501.
167
Calculate the highest common divisor of 328 and 246.
82
What is the greatest common divisor of 168 and 3066?
42
Calculate the highest common factor of 300 and 16950.
150
What is the greatest common factor of 122 and 12932?
122
Calculate the highest common factor of 8570 and 10.
10
Calculate the greatest common factor of 2198 and 28.
14
What is the greatest common factor of 221 and 136?
17
What is the highest common divisor of 264 and 16?
8
What is the highest common factor of 1505 and 129?
43
What is the greatest common divisor of 1701 and 63?
63
Calculate the highest common divisor of 316 and 395.
79
Calculate the greatest common divisor of 10 and 4.
2
What is the greatest common factor of 9681 and 21?
21
What is the highest common divisor of 1910 and 4966?
382
What is the greatest common factor of 57 and 19?
19
What is the greatest common factor of 56 and 112?
56
Calculate the highest common factor of 260 and 20.
20
What is the highest common divisor of 522 and 26?
2
Calculate the highest common factor of 558 and 18.
18
What is the highest common factor of 108 and 189?
27
Calculate the greatest common divisor of 117 and 153.
9
Calculate the highest common factor of 504 and 315.
63
What is the greatest common divisor of 30 and 3?
3
Calculate the greatest common divisor of 420 and 336.
84
What is the greatest common divisor of 8 and 1384?
8
Calculate the highest common factor of 48 and 60.
12
Calculate the greatest common factor of 93 and 9.
3
What is the greatest common divisor of 10982 and 19?
19
What is the highest common divisor of 60 and 156?
12
What is the highest common factor of 18 and 882?
18
What is the greatest common factor of 1984 and 88?
8
What is the greatest common factor of 77 and 28?
7
What is the highest common divisor of 9 and 15?
3
What is the greatest common factor of 65 and 5?
5
Calculate the highest common factor of 33 and 12606.
33
Calculate the greatest common factor of 7 and 469.
7
What is the highest common factor of 55 and 3245?
55
What is the highest common divisor of 6 and 327?
3
Calculate the highest common factor of 240 and 144.
48
Calculate the greatest common divisor of 12 and 1252.
4
Calculate the highest common divisor of 15471 and 18.
9
What is the highest common factor of 405 and 3510?
135
Calculate the greatest common factor of 242 and 154.
22
Calculate the greatest common factor of 20 and 370.
10
What is the highest common divisor of 1912 and 8?
8
What is the highest common divisor of 429 and 117?
39
What is the greatest common factor of 135 and 1440?
45
What is the greatest common factor of 198 and 297?
99
Calculate the highest common divisor of 336 and 1500.
12
Calculate the highest common divisor of 2263 and 248.
31
Calculate the greatest common factor of 92 and 138.
46
What is the highest common factor of 23 and 1?
1
Calculate the highest common factor of 580 and 638.
58
What is the greatest common divisor of 340 and 17?
17
What is the greatest common factor of 105 and 147?
21
Calculate the highest common factor of 30 and 555.
15
Calculate the greatest common divisor of 64 and 3664.
16
Calculate the greatest common factor of 96 and 336.
48
What is the highest common divisor of 820 and 3444?
164
Calculate the greatest common divisor of 141 and 61899.
141
Calculate the highest common divisor of 196 and 49.
49
Calculate the highest common factor of 287 and 1309.
7
Calculate the greatest common divisor of 195 and 27.
3
What is the highest common divisor of 532 and 399?
133
What is the highest common divisor of 3247 and 1719?
191
What is the greatest common divisor of 3420 and 20?
20
Calculate the highest common divisor of 4343 and 101.
101
What is the highest common factor of 25984 and 14?
14
What is the highest common factor of 117 and 143?
13
Calculate the greatest common factor of 336 and 252.
84
Calculate the highest common divisor of 39637 and 26.
13
What is the greatest common factor of 24 and 120?
24
Calculate the highest common factor of 31 and 1333.
31
What is the greatest common divisor of 136 and 8?
8
Calculate the greatest common divisor of 747 and 83.
83
What is the highest common divisor of 46 and 1058?
46
What is the highest common factor of 295 and 413?
59
What is the greatest common factor of 304 and 76?
76
What is the greatest common factor of 142 and 10?
2
What is the highest common factor of 10 and 355?
5
Calculate the greatest common divisor of 17 and 425.
17
What is the greatest common factor of 270 and 1260?
90
Calculate the highest common factor of 14 and 20370.
14
What is the highest common divisor of 3941 and 7?
7
What is the greatest common divisor of 2821 and 52?
13
Calculate the greatest common factor of 377 and 116.
29
What is the highest common divisor of 451 and 246?
41
What is the greatest common factor of 44 and 176?
44
What is the greatest common factor of 7539 and 21?
21
What is the highest common factor of 1390 and 10?
10
What is the greatest common divisor of 57 and 21?
3
Calculate the greatest common divisor of 583 and 53.
53
What is the greatest common divisor of 4 and 116?
4
What is the highest common divisor of 40 and 400?
40
Calculate the highest common factor of 100 and 1300.
100
What is the highest common divisor of 1900 and 100?
100
Calculate the greatest common factor of 119 and 3502.
17
What is the greatest common factor of 63 and 144?
9
What is the highest common divisor of 11 and 116?
1
What is the highest common divisor of 25 and 2825?
25
What is the highest common factor of 76 and 1216?
76
Calculate the highest common divisor of 715 and 65.
65
What is the highest common factor of 4131 and 153?
153
Calculate the greatest common factor of 935 and 85.
85
Calculate the greatest common factor of 51 and 561.
51
Calculate the highest common divisor of 108 and 7614.
54
Calculate the highest common factor of 47898 and 54.
54
What is the highest common divisor of 28 and 728?
28
What is the highest common divisor of 1008 and 1152?
144
Calculate the highest common factor of 44390 and 460.
230
Calculate the highest common factor of 2712 and 264.
24
What is the highest common factor of 130 and 5135?
65
What is the highest common factor of 1365 and 840?
105
What is the hig